 be s(1). Suppose -27 - q = -4*d. Suppose -3*z = -z - d. What are the prime factors of z?
5
Suppose -2*m + 2 = 0, 2*a - 771 = -3*a - m. List the prime factors of a.
2, 7, 11
Suppose -n = -4 - 2. Let b(z) be the second derivative of -z**4/12 + 7*z**3/6 + 5*z**2/2 + z. List the prime factors of b(n).
11
Let p(o) = o**3 - 4*o + 5. List the prime factors of p(2).
5
Let z(q) = q - 5. Let v(h) = -4*h + 20. Let i(p) = 2*v(p) + 9*z(p). Suppose 2*a - 2 - 6 = 0, -3*a = -o - 3. List the prime factors of i(o).
2
Let r(b) = -11*b + 2. List the prime factors of r(-8).
2, 3, 5
Let p(i) = i. Let l(j) = -3*j - 1. Let o(n) = l(n) + 4*p(n). Suppose 5*m = m + 12. What are the prime factors of o(m)?
2
What are the prime factors of -1 + -1 - 352/(-8)?
2, 3, 7
Suppose 6*s - 12 = 2*s. Suppose 1 = 2*z + s. What are the prime factors of ((-6)/10)/(z/5)?
3
Let q(s) = 16*s**3 + s**2 - 1. Let v be q(1). Let c = -2 + v. What are the prime factors of c?
2, 7
Suppose -5*q + 100 = -3*b - 2*b, 2*q - 3*b = 45. Suppose 21 = 3*p - q. Suppose 4*x = p + 4. List the prime factors of x.
2
Suppose -4*d + 106 = -g - 0*g, -2*d = -2*g - 50. List the prime factors of d.
3
Let z(p) = 10*p**2 - 5*p - 6. List the prime factors of z(-1).
3
Let d be 1/(-4) - 231/(-12). Suppose j - d = -8. What are the prime factors of j?
11
Suppose -44 - 28 = -2*t. Suppose -k - 4*k = 3*m - t, 4*k = 5*m - 23. What are the prime factors of m?
7
Suppose -8 = -2*s + s. Suppose 52 = 4*f + s. List the prime factors of f.
11
Let z = -6 + 7. Let y be ((-1)/z)/((-2)/34). Suppose 0 = 5*j - 122 + y. What are the prime factors of j?
3, 7
Suppose -20*z = -21*z + 25. What are the prime factors of z?
5
Let n = 11 - 11. Suppose 12*i - 11*i - 19 = n. List the prime factors of i.
19
Let g = -27 + 92. Let p = g - 41. List the prime factors of p.
2, 3
Let w = 16 + 54. Suppose -10 - w = 4*f. Let m = f + 34. What are the prime factors of m?
2, 7
Let f be 21/9 + (-4)/(-6). Suppose f*h + 4 = -2. List the prime factors of 10/h*8/(-5).
2
Suppose -5*s = -0*s - 4*q - 4, 2*s - 4*q + 8 = 0. Suppose -s*d = -7*d + 15, -c + 5*d - 15 = 0. List the prime factors of c.
2, 5
Suppose -t + 4*k = 18, 4*t - 5*k + 0*k = -28. List the prime factors of 4*(t/(-8) + 3).
13
Suppose -3*f = f. Suppose f = -3*u - u. Suppose -28 = -u*w - 4*w. What are the prime factors of w?
7
Let f(m) = -m**3 + 8*m**2 - 4*m - 7. Let k be 0 - -8 - (-6)/2. Let l = 18 - k. List the prime factors of f(l).
2, 7
Let o(s) = -s**2 + 8*s - 2. Suppose -4*b = -2*w - 4, w + b - 6 - 4 = 0. Let m = 1 + w. List the prime factors of o(m).
5
Let p = -1 - -18. Suppose 3*u + p - 4 = -2*x, 15 = -5*u. Let o = 7 - x. List the prime factors of o.
3
Let t(v) = v**2 - 4*v - 6. What are the prime factors of t(-4)?
2, 13
Suppose -749 = -19*i + 2842. List the prime factors of i.
3, 7
Suppose 42*z - 46*z + 352 = 0. What are the prime factors of z?
2, 11
List the prime factors of 4/14 - (-13)/(182/80).
2, 3
Suppose -2*k + 12 = -26. List the prime factors of k.
19
Let f(z) = -z**3 + 8*z**2 - 4*z + 5. Let y be f(7). Suppose 0 = -c - c + y. List the prime factors of c.
13
Suppose 0 = 3*s + 4*s - 301. List the prime factors of s.
43
Let w(j) = -j**3 + 7*j**2 - 5*j - 2. Suppose -k - 12 = -3*k. List the prime factors of w(k).
2
Let b(k) be the second derivative of 2*k**3/3 + 3*k**2 - 2*k. Let p be b(-4). List the prime factors of ((-12)/(-10))/((-3)/p).
2
Suppose 2*v + 3*r = 64, -v - 3*r - 40 = -3*v. What are the prime factors of v?
2, 13
Suppose 10 - 1 = 3*b. List the prime factors of b - (3 - -3) - -21.
2, 3
Suppose -2*y - y + 69 = 0. Suppose -5*u + 2*u = -2*f - y, -30 = 5*f - 2*u. What are the prime factors of (3 + f)/(2/(-8))?
2
Suppose m = -14*m + 2610. List the prime factors of m.
2, 3, 29
Suppose -3*s - 84 = -285. What are the prime factors of s?
67
Let g = -194 + 321. What are the prime factors of g?
127
Let t = 1 + 6. Let q(y) = 2*y + 6. What are the prime factors of q(t)?
2, 5
Suppose 5*k + 2*s - 762 = 0, -3*k - 3*s + 474 = -6*s. What are the prime factors of k?
2, 7, 11
List the prime factors of 1 - (-4 - -1) - -1.
5
Suppose -3*s + 5*p = -46, -5*p - 3 = 4*s - 41. Let b(j) = -j**3 + 5*j**2 - 4*j. Let o be b(4). Let f = s - o. List the prime factors of f.
2, 3
Let l be (-6)/((-3)/(-9)*-2). Let u(f) = -f + 11. What are the prime factors of u(l)?
2
Let z be -3*(10/3 - 3). Let s = 4 - z. What are the prime factors of s?
5
Suppose -4*n + 5*f = -84, 3*n - 73 = 4*f - 10. What are the prime factors of n?
3, 7
Let a = -10 + 59. What are the prime factors of a?
7
Suppose 3*l + 0*l + 121 = 5*u, 88 = 4*u + 2*l. List the prime factors of u.
23
Suppose 4*r = -6 + 22. Let a(f) = -f + 9. Let o be a(6). Suppose 7*u = -o*b + 4*u + 45, -r*u = -5*b + 39. What are the prime factors of b?
11
Suppose -5*i + t + 410 = 0, 2*t = -3*i + 6*i - 246. What are the prime factors of i?
2, 41
Let f(c) be the second derivative of c**5/20 - c**4 + 11*c**3/6 + 7*c**2/2 + 3*c. What are the prime factors of f(11)?
7
Let p = -180 - -263. List the prime factors of p.
83
Suppose 24 = 4*m - 60. Let q = m - 16. List the prime factors of q.
5
Suppose -15 - 9 = -4*y. Let m = y - 0. What are the prime factors of (6/(-9))/((-2)/m)?
2
Suppose c = -3*s + 3, 2*c - 59 = -3*c - 4*s. Suppose 0 = -2*l - 3*l + c. Suppose 5*j = l*j + 6. What are the prime factors of j?
3
What are the prime factors of -6*(2 - (-135)/(-6))?
3, 41
Let b(w) = w**2 + 7*w - 23. What are the prime factors of b(11)?
5, 7
Let m(q) = 12*q**2 - 5*q + 4. What are the prime factors of m(2)?
2, 3, 7
Suppose -u + 6*u - 80 = 0. Suppose -3*y = y - u. Suppose -14 - 10 = -y*j. What are the prime factors of j?
2, 3
Suppose 106 + 34 = 2*w. Let v = w + -48. What are the prime factors of v?
2, 11
Let l(m) = -7*m + 19. Let i(a) = 6*a - 18. Let k(w) = -6*i(w) - 5*l(w). List the prime factors of k(-6).
19
Suppose 0 = -6*h + 513 - 39. List the prime factors of h.
79
List the prime factors of 394/10 + (-10)/25.
3, 13
Let l = 17 - 12. Let u be (-6)/(-15) - (-8)/l. Suppose o - 4*x = -3 - 3, 4*o - u*x - 46 = 0. List the prime factors of o.
2, 7
Suppose 8*w + 15 = 3*w. Let i(f) = f**2 - 5*f + 1. Let j be i(5). Let b = j - w. List the prime factors of b.
2
Suppose -2*l + 4*d + 45 = -1, 0 = 5*l - 3*d - 108. Suppose 4*j + 1 - l = 0. List the prime factors of j.
5
Let f(p) = -2*p**2 - p - 1. Let r be f(-1). Let d be (r/(-3))/((-2)/(-15)). Suppose -5*b = -4*t - t + 10, d*t = -5*b + 10. List the prime factors of t.
2
Suppose 0 = -0*x + 3*x - 4*a + 55, 2*a - 15 = x. Let n = -6 - x. What are the prime factors of n?
19
List the prime factors of (-6)/(-30) + 269/5.
2, 3
Suppose -562 = -3*j + 362. List the prime factors of j.
2, 7, 11
Let j(v) = -v**2 - 31*v - 2. List the prime factors of j(-19).
2, 113
Suppose -11 = -3*f + 10. Suppose -4*o = -5*o + f. Suppose c - o = 6. List the prime factors of c.
13
Let y = -1 - -3. Suppose y*p = -2, 6*k = 3*k + 4*p + 58. List the prime factors of k.
2, 3
Let o(s) = s**3 + 4*s**2 - 2*s + 4. Let p be (-6)/4*40/4. Let k be (10/p)/(1/6). What are the prime factors of o(k)?
2, 3
Let m(t) = 13*t + 4. List the prime factors of m(7).
5, 19
Let j be (1/2)/((-7)/(-42)). List the prime factors of 0 + 2 + 13 + j.
2, 3
Suppose 0*k + k = -r + 112, 5*k = r + 542. List the prime factors of k.
109
Suppose -z = -4 - 3. Let k = 4 - z. What are the prime factors of ((-2)/k)/(1/12)?
2
Suppose -2*z + 0*a + a = -70, 40 = z + 2*a. What are the prime factors of z?
2, 3
Suppose 4*l + 7 = -s + 28, -5*l + s = -24. Suppose -2*t + 4*o = -4*t + 86, 0 = l*t + o - 251. List the prime factors of t.
3, 17
Suppose -h + 1 = -0. Let j(d) be the third derivative of 3*d**6/40 + d**4/24 - d**3/6 + 3*d**2. What are the prime factors of j(h)?
3
Suppose -o + 13 = 3*f - 12, -4*o - 8 = 0. What are the prime factors of f?
3
Let u = -41 - -70. Suppose -4*z + 16 + 12 = 2*y, 0 = -5*z - y + u. Suppose 10*w + j - 57 = 5*w, -z*j = -5*w + 45. What are the prime factors of w?
11
Let c(w) = -w**2 + 2*w + 3. Let u be c(-3). Let r be (3*u/(-9))/2. Suppose 0 = 4*d - r*d - 12. What are the prime factors of d?
2, 3
Let i be (24/(-9))/((-2)/(-6)). Let w(u) = -u + 5. List the prime factors of w(i).
13
Let m(z) = 7*z**2 + 12*z + 12. What are the prime factors of m(-5)?
127
Suppose 0 = -4*c - g + 57, 0 = -3*c - g - 2*g + 54. Let u = c + 